{"id":55,"date":"2020-07-05T15:05:42","date_gmt":"2020-07-05T15:05:42","guid":{"rendered":"https:\/\/mentoring4u.ch\/hp-neu\/?page_id=55"},"modified":"2026-05-05T07:43:20","modified_gmt":"2026-05-05T07:43:20","slug":"mentoring","status":"publish","type":"page","link":"https:\/\/mentoring4u.ch\/index.php\/mentoring\/","title":{"rendered":"Mentoring"},"content":{"rendered":"\t\t<div data-elementor-type=\"wp-page\" data-elementor-id=\"55\" class=\"elementor elementor-55\">\n\t\t\t\t\t\t<section class=\"elementor-section elementor-top-section elementor-element elementor-element-681f0bc8 elementor-section-boxed elementor-section-height-default elementor-section-height-default\" data-id=\"681f0bc8\" data-element_type=\"section\" data-e-type=\"section\">\n\t\t\t\t\t\t<div class=\"elementor-container elementor-column-gap-default\">\n\t\t\t\t\t<div class=\"elementor-column elementor-col-100 elementor-top-column elementor-element elementor-element-6b5c7bf7\" data-id=\"6b5c7bf7\" data-element_type=\"column\" data-e-type=\"column\">\n\t\t\t<div class=\"elementor-widget-wrap elementor-element-populated\">\n\t\t\t\t\t\t<div class=\"elementor-element elementor-element-5bc7dee elementor-widget elementor-widget-heading\" data-id=\"5bc7dee\" data-element_type=\"widget\" data-e-type=\"widget\" data-widget_type=\"heading.default\">\n\t\t\t\t<div class=\"elementor-widget-container\">\n\t\t\t\t\t<h2 class=\"elementor-heading-title elementor-size-default\">Wachsen und reifen<\/h2>\t\t\t\t<\/div>\n\t\t\t\t<\/div>\n\t\t\t\t<div class=\"elementor-element elementor-element-7c314311 elementor-widget elementor-widget-text-editor\" data-id=\"7c314311\" data-element_type=\"widget\" data-e-type=\"widget\" data-widget_type=\"text-editor.default\">\n\t\t\t\t<div class=\"elementor-widget-container\">\n\t\t\t\t\t\t\t\t\t<div class=\"page\" title=\"Page 2\"><div class=\"section\"><div class=\"layoutArea\"><div class=\"column\"><p>Wu\u0308nschen Sie sich, Ihre Perso\u0308nlichkeit und Ihren Charakter weiterzuentwickeln? Wollen Sie Ihre Sta\u0308rken und Begabungen entdecken, ausprobieren und trainieren? Schra\u0308nkt Sie etwas ein, Ihr volles Potential auszuscho\u0308pfen?<\/p><\/div><\/div><\/div><\/div>\t\t\t\t\t\t\t\t<\/div>\n\t\t\t\t<\/div>\n\t\t\t\t\t<\/div>\n\t\t<\/div>\n\t\t\t\t\t<\/div>\n\t\t<\/section>\n\t\t\t\t<section class=\"elementor-section elementor-top-section elementor-element elementor-element-30236f2 elementor-section-boxed elementor-section-height-default elementor-section-height-default\" data-id=\"30236f2\" data-element_type=\"section\" data-e-type=\"section\">\n\t\t\t\t\t\t<div class=\"elementor-container elementor-column-gap-default\">\n\t\t\t\t\t<div class=\"elementor-column elementor-col-100 elementor-top-column elementor-element elementor-element-6a47962\" data-id=\"6a47962\" data-element_type=\"column\" data-e-type=\"column\">\n\t\t\t<div class=\"elementor-widget-wrap elementor-element-populated\">\n\t\t\t\t\t\t<div class=\"elementor-element elementor-element-b1fa625 elementor-widget elementor-widget-image\" data-id=\"b1fa625\" data-element_type=\"widget\" data-e-type=\"widget\" data-widget_type=\"image.default\">\n\t\t\t\t<div class=\"elementor-widget-container\">\n\t\t\t\t\t\t\t\t\t\t\t\t\t\t\t<img fetchpriority=\"high\" decoding=\"async\" width=\"680\" height=\"510\" src=\"https:\/\/mentoring4u.ch\/wp-content\/uploads\/2020\/07\/IMG_5918-1024x768.jpeg\" class=\"attachment-large size-large wp-image-37\" alt=\"\" srcset=\"https:\/\/mentoring4u.ch\/wp-content\/uploads\/2020\/07\/IMG_5918-1024x768.jpeg 1024w, https:\/\/mentoring4u.ch\/wp-content\/uploads\/2020\/07\/IMG_5918-300x225.jpeg 300w, https:\/\/mentoring4u.ch\/wp-content\/uploads\/2020\/07\/IMG_5918-768x576.jpeg 768w, https:\/\/mentoring4u.ch\/wp-content\/uploads\/2020\/07\/IMG_5918-1536x1152.jpeg 1536w, https:\/\/mentoring4u.ch\/wp-content\/uploads\/2020\/07\/IMG_5918-2048x1536.jpeg 2048w\" sizes=\"(max-width: 680px) 100vw, 680px\" \/>\t\t\t\t\t\t\t\t\t\t\t\t\t\t\t<\/div>\n\t\t\t\t<\/div>\n\t\t\t\t\t<\/div>\n\t\t<\/div>\n\t\t\t\t\t<\/div>\n\t\t<\/section>\n\t\t\t\t<section class=\"elementor-section elementor-top-section elementor-element elementor-element-112ab4c elementor-section-boxed elementor-section-height-default elementor-section-height-default\" data-id=\"112ab4c\" data-element_type=\"section\" data-e-type=\"section\">\n\t\t\t\t\t\t<div class=\"elementor-container elementor-column-gap-default\">\n\t\t\t\t\t<div class=\"elementor-column elementor-col-100 elementor-top-column elementor-element elementor-element-a5f978e\" data-id=\"a5f978e\" data-element_type=\"column\" data-e-type=\"column\">\n\t\t\t<div class=\"elementor-widget-wrap elementor-element-populated\">\n\t\t\t\t\t\t<div class=\"elementor-element elementor-element-3090cfa elementor-widget elementor-widget-heading\" data-id=\"3090cfa\" data-element_type=\"widget\" data-e-type=\"widget\" data-widget_type=\"heading.default\">\n\t\t\t\t<div class=\"elementor-widget-container\">\n\t\t\t\t\t<h2 class=\"elementor-heading-title elementor-size-default\">Geistliches Mentoring<\/h2>\t\t\t\t<\/div>\n\t\t\t\t<\/div>\n\t\t\t\t<div class=\"elementor-element elementor-element-1b5c15c elementor-widget elementor-widget-text-editor\" data-id=\"1b5c15c\" data-element_type=\"widget\" data-e-type=\"widget\" data-widget_type=\"text-editor.default\">\n\t\t\t\t<div class=\"elementor-widget-container\">\n\t\t\t\t\t\t\t\t\t<div class=\"page\" title=\"Page 2\"><div class=\"section\"><div class=\"layoutArea\"><div class=\"column\"><p>Im Mentoring kann es um Themen gehen wie Ihre Perso\u0308nlichkeit, Ihre Berufung, Ihre Mitarbeit in der Gemeinde, Ihre Fragen, Ihr gesundes Gleichgewicht im Leben, Ihre Pla\u0308ne fu\u0308r die Zukunft, usw.<\/p><p>Mentoring ist eine individuelle, prozesshafte Beratung, welche Sie in Ihrem perso\u0308nlichen Wachstumsprozess begleitet. Der Fokus liegt auf der Wertscha\u0308tzung, Fo\u0308rderung und Weiterentwicklung Ihrer Ressourcen sowie auf der Begleitung und Unterstu\u0308tzung in Ihrer Lebensplanung.<\/p><p>Ihre Erfahrungen in der Umsetzung werten Sie mit mir im professionellen Gespr\u00e4ch aus. Dabei stelle ich auf Wunsch auch meine eigene Erfahrung und mein Wissen zur Verfu\u0308gung. Ihre pers\u00f6nliche Beziehung mit Gott wird gest\u00e4rkt und vertieft, durch Gebet und Anwendung der biblischen Theologie. Die wirkungsvollen Konzepte aus der <a href=\"https:\/\/mentoring4u.ch\/index.php\/ein-startseiten-abschnitt\/\">Transaktionsanalyse<\/a> k\u00f6nnen helfen, das eigene Verhalten, Bed\u00fcrfnisse und Gef\u00fchle zu verstehen und gewinnbringend damit umzugehen. Das gro\u0308ssere Ziel ist Ihre geistliche und perso\u0308nliche Reife.<\/p><p>Das Mentoring ist auf einen la\u0308ngeren Zeitabschnitt ausgelegt. \u00dcblicherweise empfehle ich etwa sechs Einheiten zu vereinbaren und mit einer Standortbestimmungen abzuschliessen. Damit \u00fcberpr\u00fcfe ich mit Ihnen die Zielerreichung und es k\u00f6nnen allf\u00e4llige Kurskorrekturen vorgenommen werden.<\/p><\/div><\/div><\/div><\/div>\t\t\t\t\t\t\t\t<\/div>\n\t\t\t\t<\/div>\n\t\t\t\t\t<\/div>\n\t\t<\/div>\n\t\t\t\t\t<\/div>\n\t\t<\/section>\n\t\t\t\t<section class=\"elementor-section elementor-top-section elementor-element elementor-element-6e7e6a0 elementor-section-boxed elementor-section-height-default elementor-section-height-default\" data-id=\"6e7e6a0\" data-element_type=\"section\" data-e-type=\"section\">\n\t\t\t\t\t\t<div class=\"elementor-container elementor-column-gap-default\">\n\t\t\t\t\t<div class=\"elementor-column elementor-col-100 elementor-top-column elementor-element elementor-element-ab4c9d2\" data-id=\"ab4c9d2\" data-element_type=\"column\" data-e-type=\"column\">\n\t\t\t<div class=\"elementor-widget-wrap elementor-element-populated\">\n\t\t\t\t\t\t<div class=\"elementor-element elementor-element-7fb5329 elementor-widget-divider--view-line elementor-widget elementor-widget-divider\" data-id=\"7fb5329\" data-element_type=\"widget\" data-e-type=\"widget\" data-widget_type=\"divider.default\">\n\t\t\t\t<div class=\"elementor-widget-container\">\n\t\t\t\t\t\t\t<div class=\"elementor-divider\">\n\t\t\t<span class=\"elementor-divider-separator\">\n\t\t\t\t\t\t<\/span>\n\t\t<\/div>\n\t\t\t\t\t\t<\/div>\n\t\t\t\t<\/div>\n\t\t\t\t\t<\/div>\n\t\t<\/div>\n\t\t\t\t\t<\/div>\n\t\t<\/section>\n\t\t\t\t<section class=\"elementor-section elementor-top-section elementor-element elementor-element-13a9cd8 elementor-section-boxed elementor-section-height-default elementor-section-height-default\" data-id=\"13a9cd8\" data-element_type=\"section\" data-e-type=\"section\">\n\t\t\t\t\t\t<div class=\"elementor-container elementor-column-gap-default\">\n\t\t\t\t\t<div class=\"elementor-column elementor-col-100 elementor-top-column elementor-element elementor-element-43032a7\" data-id=\"43032a7\" data-element_type=\"column\" data-e-type=\"column\">\n\t\t\t<div class=\"elementor-widget-wrap elementor-element-populated\">\n\t\t\t\t\t\t<section class=\"elementor-section elementor-inner-section elementor-element elementor-element-6ada5bc elementor-section-boxed elementor-section-height-default elementor-section-height-default\" data-id=\"6ada5bc\" data-element_type=\"section\" data-e-type=\"section\">\n\t\t\t\t\t\t<div class=\"elementor-container elementor-column-gap-default\">\n\t\t\t\t\t<div class=\"elementor-column elementor-col-50 elementor-inner-column elementor-element elementor-element-6791077\" data-id=\"6791077\" data-element_type=\"column\" data-e-type=\"column\">\n\t\t\t<div class=\"elementor-widget-wrap elementor-element-populated\">\n\t\t\t\t\t\t<div class=\"elementor-element elementor-element-241d4ad elementor-widget elementor-widget-heading\" data-id=\"241d4ad\" data-element_type=\"widget\" data-e-type=\"widget\" data-widget_type=\"heading.default\">\n\t\t\t\t<div class=\"elementor-widget-container\">\n\t\t\t\t\t<h2 class=\"elementor-heading-title elementor-size-default\">Mentoring<\/h2>\t\t\t\t<\/div>\n\t\t\t\t<\/div>\n\t\t\t\t<div class=\"elementor-element elementor-element-271b3b8 elementor-widget elementor-widget-text-editor\" data-id=\"271b3b8\" data-element_type=\"widget\" data-e-type=\"widget\" data-widget_type=\"text-editor.default\">\n\t\t\t\t<div class=\"elementor-widget-container\">\n\t\t\t\t\t\t\t\t\t<div class=\"page\" title=\"Page 2\"><div class=\"section\"><div class=\"layoutArea\"><div class=\"column\"><p><a href=\"http:\/\/www.c-mentoring.net\" target=\"_blank\" rel=\"noopener\">c-mentoring.net<\/a> | Was ist Mentoring?<\/p><p><a href=\"https:\/\/mentoring.vbg.net\/infos\" target=\"_blank\" rel=\"noopener\">mentoring.vbg.net<\/a> | Das Mentoring-Programm der vbg<\/p><\/div><\/div><\/div><\/div>\t\t\t\t\t\t\t\t<\/div>\n\t\t\t\t<\/div>\n\t\t\t\t\t<\/div>\n\t\t<\/div>\n\t\t\t\t<div class=\"elementor-column elementor-col-50 elementor-inner-column elementor-element elementor-element-e4b60d5\" data-id=\"e4b60d5\" data-element_type=\"column\" data-e-type=\"column\">\n\t\t\t<div class=\"elementor-widget-wrap elementor-element-populated\">\n\t\t\t\t\t\t<div class=\"elementor-element elementor-element-c345acb elementor-widget elementor-widget-text-editor\" data-id=\"c345acb\" data-element_type=\"widget\" data-e-type=\"widget\" data-widget_type=\"text-editor.default\">\n\t\t\t\t<div class=\"elementor-widget-container\">\n\t\t\t\t\t\t\t\t\t<div class=\"page\" title=\"Page 2\"><div class=\"section\"><div class=\"layoutArea\"><div class=\"column\"><p>Mentoring ist eine freiwillige und perso\u0308nliche Eins-zu-Eins-Beziehung mit dem Ziel, sich in der Perso\u0308nlichkeit, im Glauben, im Einsatz seiner Ressourcen und Kompetenzen weiter zu entwickeln.<\/p><\/div><\/div><\/div><\/div>\t\t\t\t\t\t\t\t<\/div>\n\t\t\t\t<\/div>\n\t\t\t\t\t<\/div>\n\t\t<\/div>\n\t\t\t\t\t<\/div>\n\t\t<\/section>\n\t\t\t\t\t<\/div>\n\t\t<\/div>\n\t\t\t\t\t<\/div>\n\t\t<\/section>\n\t\t\t\t<\/div>\n\t\t","protected":false},"excerpt":{"rendered":"<p>Wachsen und reifen Wu\u0308nschen Sie sich, Ihre Perso\u0308nlichkeit und Ihren Charakter weiterzuentwickeln? Wollen Sie Ihre Sta\u0308rken und Begabungen entdecken, ausprobieren [&hellip;]<\/p>\n","protected":false},"author":1,"featured_media":37,"parent":0,"menu_order":0,"comment_status":"closed","ping_status":"closed","template":"","meta":{"footnotes":""},"class_list":["post-55","page","type-page","status-publish","has-post-thumbnail","hentry"],"_links":{"self":[{"href":"https:\/\/mentoring4u.ch\/index.php\/wp-json\/wp\/v2\/pages\/55","targetHints":{"allow":["GET"]}}],"collection":[{"href":"https:\/\/mentoring4u.ch\/index.php\/wp-json\/wp\/v2\/pages"}],"about":[{"href":"https:\/\/mentoring4u.ch\/index.php\/wp-json\/wp\/v2\/types\/page"}],"author":[{"embeddable":true,"href":"https:\/\/mentoring4u.ch\/index.php\/wp-json\/wp\/v2\/users\/1"}],"replies":[{"embeddable":true,"href":"https:\/\/mentoring4u.ch\/index.php\/wp-json\/wp\/v2\/comments?post=55"}],"version-history":[{"count":25,"href":"https:\/\/mentoring4u.ch\/index.php\/wp-json\/wp\/v2\/pages\/55\/revisions"}],"predecessor-version":[{"id":503,"href":"https:\/\/mentoring4u.ch\/index.php\/wp-json\/wp\/v2\/pages\/55\/revisions\/503"}],"wp:featuredmedia":[{"embeddable":true,"href":"https:\/\/mentoring4u.ch\/index.php\/wp-json\/wp\/v2\/media\/37"}],"wp:attachment":[{"href":"https:\/\/mentoring4u.ch\/index.php\/wp-json\/wp\/v2\/media?parent=55"}],"curies":[{"name":"wp","href":"https:\/\/api.w.org\/{rel}","templated":true}]}}